{"id":116,"date":"2017-04-07T16:03:59","date_gmt":"2017-04-07T19:03:59","guid":{"rendered":"http:\/\/tecnin-tecnologia.com.br\/site\/?page_id=116"},"modified":"2018-01-31T11:04:19","modified_gmt":"2018-01-31T13:04:19","slug":"engenharia-e-projeto","status":"publish","type":"page","link":"http:\/\/tecnin-tecnologia.com.br\/site\/engenharia-e-projeto\/","title":{"rendered":"Engenharia e Projeto"},"content":{"rendered":"<ul>\n<li style=\"text-align: justify;\">Neste quesito, \u00e9 que utilizamos toda a nossa experiencia para conceber sistemas industriais em manuseio de s\u00f3lidos a granel, gerando solu\u00e7\u00f5es inovadoras, especificando todos os equipamentos e componentes que fazem parte do sistema com isso \u00e9 poss\u00edvel gerar o projeto de implanta\u00e7\u00e3o b\u00e1sico da instala\u00e7\u00e3o . Ap\u00f3s an\u00e1lise detalhada do sistema como um todo e projeto conceitual, apresentamos o detalhamento dos equipamentos sob encomenda. \u00a0Isto assegura que as nossas recomenda\u00e7\u00f5es sejam seguidas precisamente evitando que nenhum detalhe cr\u00edtico seja negligenciado.<\/li>\n<\/ul>\n<ul style=\"text-align: justify;\">\n<li>Podemos tamb\u00e9m fornecer a coordena\u00e7\u00e3o do contrato junto a terceiros para a aquisi\u00e7\u00e3o dos equipamentos e componentes e servi\u00e7os necess\u00e1rio ao projeto; deixando apenas a decis\u00e3o de compra e pagamento para o cliente.<\/li>\n<\/ul>\n<ul style=\"text-align: justify;\">\n<li>Estudos Preliminares com Previs\u00e3o de Investimentos.<\/li>\n<\/ul>\n<ul>\n<li style=\"text-align: justify;\">Fazemos estudos de viabilidade t\u00e9cnica acompanhado de custos de investimento, opera\u00e7\u00e3o e manuten\u00e7\u00e3o, tomando-se como premissa as diretrizes dadas pelo cliente para que este possa avaliar se a execu\u00e7\u00e3o de uma nova instala\u00e7\u00e3o dar\u00e1 o retorno financeiro desejado.<\/li>\n<\/ul>\n<p><img loading=\"lazy\" decoding=\"async\" class=\"aligncenter wp-image-193\" src=\"http:\/\/tecnin-tecnologia.com.br\/site\/wp-content\/uploads\/2017\/04\/engenharia.30_04_2016_10_41_30-300x130.jpg\" alt=\"\" width=\"970\" height=\"420\" srcset=\"http:\/\/tecnin-tecnologia.com.br\/site\/wp-content\/uploads\/2017\/04\/engenharia.30_04_2016_10_41_30-300x130.jpg 300w, http:\/\/tecnin-tecnologia.com.br\/site\/wp-content\/uploads\/2017\/04\/engenharia.30_04_2016_10_41_30-768x332.jpg 768w, http:\/\/tecnin-tecnologia.com.br\/site\/wp-content\/uploads\/2017\/04\/engenharia.30_04_2016_10_41_30-1024x443.jpg 1024w, http:\/\/tecnin-tecnologia.com.br\/site\/wp-content\/uploads\/2017\/04\/engenharia.30_04_2016_10_41_30.jpg 1100w\" sizes=\"auto, (max-width: 970px) 100vw, 970px\" \/><\/p>\n","protected":false},"excerpt":{"rendered":"<p>Neste quesito, \u00e9 que utilizamos toda a nossa experiencia para conceber sistemas industriais em manuseio de s\u00f3lidos a granel, gerando solu\u00e7\u00f5es inovadoras, especificando todos os equipamentos e componentes que fazem parte do sistema com isso \u00e9 poss\u00edvel gerar o projeto<\/p>\n","protected":false},"author":1,"featured_media":0,"parent":0,"menu_order":0,"comment_status":"closed","ping_status":"closed","template":"","meta":{"footnotes":""},"class_list":["post-116","page","type-page","status-publish","hentry"],"_links":{"self":[{"href":"http:\/\/tecnin-tecnologia.com.br\/site\/wp-json\/wp\/v2\/pages\/116","targetHints":{"allow":["GET"]}}],"collection":[{"href":"http:\/\/tecnin-tecnologia.com.br\/site\/wp-json\/wp\/v2\/pages"}],"about":[{"href":"http:\/\/tecnin-tecnologia.com.br\/site\/wp-json\/wp\/v2\/types\/page"}],"author":[{"embeddable":true,"href":"http:\/\/tecnin-tecnologia.com.br\/site\/wp-json\/wp\/v2\/users\/1"}],"replies":[{"embeddable":true,"href":"http:\/\/tecnin-tecnologia.com.br\/site\/wp-json\/wp\/v2\/comments?post=116"}],"version-history":[{"count":6,"href":"http:\/\/tecnin-tecnologia.com.br\/site\/wp-json\/wp\/v2\/pages\/116\/revisions"}],"predecessor-version":[{"id":325,"href":"http:\/\/tecnin-tecnologia.com.br\/site\/wp-json\/wp\/v2\/pages\/116\/revisions\/325"}],"wp:attachment":[{"href":"http:\/\/tecnin-tecnologia.com.br\/site\/wp-json\/wp\/v2\/media?parent=116"}],"curies":[{"name":"wp","href":"https:\/\/api.w.org\/{rel}","templated":true}]}}